e prime factors of 44027157.
3, 59, 251, 991
What are the prime factors of 138196410?
2, 3, 5, 11, 43, 9739
List the prime factors of 2801439746.
2, 7, 200102839
List the prime factors of 651807446.
2, 325903723
What are the prime factors of 4001722786?
2, 17, 47, 53281
What are the prime factors of 2191742118?
2, 3, 40587817
List the prime factors of 240362303.
17, 43, 328813
List the prime factors of 41130183.
3, 13710061
What are the prime factors of 7999155?
3, 5, 19751
List the prime factors of 148971827.
1061, 140407
List the prime factors of 30844579.
17, 439, 4133
List the prime factors of 1345877328.
2, 3, 97, 289063
What are the prime factors of 253423026?
2, 3, 19, 247001
List the prime factors of 36010965.
3, 5, 79, 30389
What are the prime factors of 1895110?
2, 5, 7, 27073
What are the prime factors of 591519538?
2, 53, 5580373
List the prime factors of 537124154.
2, 7, 53, 61, 11867
List the prime factors of 192114337.
192114337
List the prime factors of 88773184.
2, 17, 139, 587
List the prime factors of 11432407.
7, 1633201
What are the prime factors of 5130103663?
179, 1753, 16349
List the prime factors of 608763494.
2, 23, 13233989
List the prime factors of 488857820.
2, 5, 11, 479, 4639
What are the prime factors of 131300533?
7, 13, 1442863
List the prime factors of 1230398611.
13, 94646047
What are the prime factors of 259646343?
3, 11, 19, 414109
List the prime factors of 163292339.
7, 337, 69221
List the prime factors of 1542859508.
2, 19, 29, 700027
What are the prime factors of 2304662565?
3, 5, 89, 1726339
List the prime factors of 75964496.
2, 1867, 2543
What are the prime factors of 8890690153?
8890690153
What are the prime factors of 185657190?
2, 3, 5, 71, 101, 863
What are the prime factors of 135287234?
2, 71, 653, 1459
What are the prime factors of 76764433?
76764433
What are the prime factors of 5121389759?
137, 37382407
What are the prime factors of 29158074?
2, 3, 11, 147263
List the prime factors of 1604916233.
103, 15581711
List the prime factors of 58809730.
2, 5, 7, 840139
List the prime factors of 56012218.
2, 83, 383, 881
What are the prime factors of 1831871506?
2, 5347, 171299
What are the prime factors of 341397667?
13, 26261359
What are the prime factors of 3884366238?
2, 3, 1087, 595579
What are the prime factors of 370179408?
2, 3, 7712071
List the prime factors of 2101820723.
131, 16044433
What are the prime factors of 4050795163?
71, 83, 367, 1873
List the prime factors of 362818345.
5, 72563669
List the prime factors of 10296306.
2, 3, 439, 1303
List the prime factors of 545171579.
19, 37, 61, 12713
What are the prime factors of 466917807?
3, 155639269
List the prime factors of 106978143.
3, 41, 263, 3307
List the prime factors of 121545799.
3533, 34403
List the prime factors of 2145450461.
7, 11, 27862993
What are the prime factors of 4421973766?
2, 7, 29, 157, 173, 401
List the prime factors of 861928238.
2, 449, 959831
What are the prime factors of 23357162?
2, 1847, 6323
List the prime factors of 231820475.
5, 9272819
What are the prime factors of 438888176?
2, 193, 311, 457
List the prime factors of 342995514.
2, 3, 57165919
What are the prime factors of 669824073?
3, 241, 34313
What are the prime factors of 194973153?
3, 17, 107, 35729
What are the prime factors of 69280384?
2, 19, 61, 467
What are the prime factors of 637686719?
637686719
What are the prime factors of 88247895?
3, 5, 23, 179, 1429
What are the prime factors of 5880925?
5, 67, 3511
What are the prime factors of 66635701?
11, 41, 71, 2081
What are the prime factors of 2004056874?
2, 3, 863, 129011
What are the prime factors of 240990922?
2, 79, 179, 8521
What are the prime factors of 34330701?
3, 17, 19, 71, 499
What are the prime factors of 63700343?
7, 17, 76471
List the prime factors of 335208966.
2, 3, 55868161
What are the prime factors of 362804824?
2, 45350603
What are the prime factors of 2920209706?
2, 317, 2087, 2207
What are the prime factors of 60370189?
11, 5488199
What are the prime factors of 1208913955?
5, 5479, 44129
What are the prime factors of 1256341161?
3, 19, 29, 47, 103, 157
What are the prime factors of 39511230?
2, 3, 5, 11, 17, 7043
What are the prime factors of 910410645?
3, 5, 433, 140171
List the prime factors of 505711389.
3, 168570463
List the prime factors of 201210419.
17, 53, 223319
What are the prime factors of 136790504?
2, 17098813
What are the prime factors of 710655864?
2, 3, 367, 80683
List the prime factors of 86991641.
11, 269, 29399
What are the prime factors of 1332526913?
1571, 848203
List the prime factors of 18264057.
3, 7, 869717
What are the prime factors of 438321380?
2, 5, 7, 199, 15733
What are the prime factors of 5357177?
7, 89, 8599
What are the prime factors of 123240946?
2, 23, 379, 7069
List the prime factors of 41659973.
41659973
What are the prime factors of 693856228?
2, 13, 137, 97397
What are the prime factors of 7258762267?
9479, 765773
What are the prime factors of 43250933?
11, 881, 4463
List the prime factors of 1568888184.
2, 3, 2887, 22643
List the prime factors of 964492136.
2, 19, 6345343
List the prime factors of 64757892.
2, 3, 5396491
List the prime factors of 119822218.
2, 59911109
List the prime factors of 1065480715.
5, 13, 16392011
What are the prime factors of 5000877606?
2, 3, 833479601
What are the prime factors of 1453228731?
3, 17, 43, 220889
List the prime factors of 692689912.
2, 241, 359279
List the prime factors of 92961537.
3, 30987179
What are the prime factors of 1074887798?
2, 17, 19, 1663913
List the prime factors of 784657861.
13, 60358297
What are the prime factors of 78124560?
2, 3, 5, 23, 14153
What are the prime factors of 681611441?
7, 821, 118603
List the prime factors of 6940022.
2, 3470011
What are the prime factors of 320703491?
1153, 278147
What are the prime factors of 102102421?
6163, 16567
List the prime factors of 139926092.
2, 113, 309571
List the prime factors of 491451499.
7, 11, 67, 95261
List the prime factors of 37869650.
2, 5, 7, 13, 29, 41
List the prime factors of 3562080549.
3, 1187360183
List the prime factors of 7733266185.
3, 5, 515551079
List the prime factors of 1487884565.
5, 297576913
List the prime factors of 587637888.
2, 3, 61, 25087
List the prime factors of 1315597679.
11, 103, 1161163
List the prime factors of 270231232.
2, 23, 183581
What are the prime factors of 1940082907?
7, 2539, 109159
What are the prime factors of 149783666?
2, 29, 1213, 2129
What are the prime factors of 333960703?
41, 149, 54667
What are the prime factors of 401741099?
12101, 33199
What are the prime factors of 1295635362?
2, 3, 7, 281, 15683
List the prime factors of 21834627.
3, 7278209
What are the prime factors of 55853285?
5, 89, 313, 401
What are the prime factors of 72535382?
2, 47, 771653
What are the prime factors of 599766791?
13, 23, 139, 14431
What are the prime factors of 3101542854?
2, 3, 516923809
What are the prime factors of 101448085?
5, 3671, 5527
What are the prime factors of 36904463?
1381, 26723
List the prime factors of 760507197.
3, 253502399
List the prime factors of 12451602.
2, 3, 23, 3923
List the prime factors of 19323371.
19323371
What are the prime factors of 364965789?
3, 121655263
List the prime factors of 41182629.
3, 13727543
What are the prime factors of 30439431?
3, 11, 349, 881
List the prime factors of 1235457559.
7, 11411, 15467
What are the prime factors of 896933281?
59, 521, 29179
List the prime factors of 79022430.
2, 3, 5, 191, 4597
List the prime factors of 831233861.
257, 3234373
What are the prime factors of 125680423?
11, 11425493
List the prime factors of 280861493.
11, 25532863
List the prime factors of 183468377.
179, 1024963
What are the prime factors of 214721048?
2, 1229, 21839
List the prime factors of 7972923.
3, 7, 379663
List the prime factors of 403372460.
2, 5, 20168623
List the prime factors of 6374432905.
5, 1274886581
List the prime factors of 140558531.
1621, 86711
What are the prime factors of 32730185?
5, 17, 419, 919
What are the prime factors of 368956329?
3, 7, 2509907
What are the prime factors of 434078583?
3, 29, 4989409
What are the prime factors of 30673167?
3, 7, 31, 53, 127
What are the prime factors of 4192186732?
2, 1048046683
What ar